300133
In base 10, what is 6 + -783?
-777
In base 15, what is -71 - e51?
-ec2
In base 2, what is -111100110111 - 0?
-111100110111
In base 16, what is 43f - 13?
42c
In base 5, what is -4304 - -1003?
-3301
In base 13, what is -92 - -1075?
cb3
In base 3, what is -11020210110 + 12?
-11020210021
In base 14, what is 2a91b - -1?
2a91c
In base 2, what is -1010 + -10001010011101?
-10001010100111
In base 10, what is -2 - 10633?
-10635
In base 5, what is 1110020 - -112?
1110132
In base 15, what is 5881 - -2b?
58ac
In base 2, what is 101001001000011101 + 11?
101001001000100000
In base 12, what is -5 - -15699b?
156996
In base 9, what is 4 + -211534?
-211530
In base 9, what is -2406217 - 3?
-2406221
In base 10, what is 100 - -60?
160
In base 14, what is 18aa90 + -4?
18aa8a
In base 10, what is 145 - 1231?
-1086
In base 11, what is -1a - 2a018?
-2a037
In base 4, what is 0 - 220322112?
-220322112
In base 7, what is -314300 - 4?
-314304
In base 9, what is -5344 + -23?
-5367
In base 10, what is 2252 + -1440?
812
In base 7, what is 25131 + -25?
25103
In base 9, what is -428 - 212?
-641
In base 16, what is 0 - -2469e?
2469e
In base 3, what is -2121221 - -1111110?
-1010111
In base 13, what is -273 - -156?
-11a
In base 9, what is -8174 - -646?
-7427
In base 13, what is 4 + 233b4?
233b8
In base 8, what is -3 - -2574125?
2574122
In base 16, what is -3b2a + 3?
-3b27
In base 9, what is 630 + 1?
631
In base 7, what is -35 - -13054?
13016
In base 9, what is 2325672 - 4?
2325667
In base 13, what is c1 + -130?
-3c
In base 14, what is 12 - -100?
112
In base 7, what is 4445 - -55?
4533
In base 4, what is 21 + 2013013213?
2013013300
In base 13, what is -2 + 2a23b?
2a239
In base 3, what is 110 + 10022210212?
10022211022
In base 16, what is 5e8e - -e?
5e9c
In base 15, what is -339 - 11a?
-454
In base 11, what is a29 - 5?
a24
In base 11, what is -128290 + 1?
-12828a
In base 8, what is 1477 + -407?
1070
In base 10, what is 1 + 253002?
253003
In base 16, what is -10 - -7ce?
7be
In base 3, what is -1011112021 + -10001?
-1011122022
In base 4, what is 12101 + 2121?
20222
In base 5, what is 2110304034 + 3?
2110304042
In base 15, what is -74c8 - -1?
-74c7
In base 2, what is 110001000110100 - -1001?
110001000111101
In base 2, what is -110101 - 1001100100001001?
-1001100100111110
In base 9, what is 15314 - 20?
15284
In base 2, what is 100110100 + 1100011011?
10001001111
In base 11, what is -212 + -428?
-63a
In base 13, what is 1241570 - -1?
1241571
In base 15, what is -75a0 - 9?
-75a9
In base 10, what is 4 + 8771?
8775
In base 12, what is -3 + 192b?
1928
In base 10, what is -219 + -83?
-302
In base 9, what is 4 - 225870?
-225865
In base 3, what is 122222110 + -12?
122222021
In base 12, what is 5 - b90?
-b87
In base 13, what is -12cc2 + -38?
-1302a
In base 13, what is 22a + -b?
21c
In base 10, what is 57 - -15718?
15775
In base 16, what is -4 - d73db?
-d73df
In base 4, what is -10 + -20121001?
-20121011
In base 16, what is -1 - -2f56?
2f55
In base 15, what is c0 + 1a8?
278
In base 5, what is 1104 - -41433?
43042
In base 13, what is 31368c + 1?
313690
In base 11, what is -9990 + 110?
-9880
In base 9, what is 3 - -66010?
66013
In base 2, what is 11010 - -1000110111001?
1000111010011
In base 11, what is 100 + -15?
96
In base 4, what is 130 - -10103?
10233
In base 14, what is -5 + -1647?
-164c
In base 16, what is 5 + -a369?
-a364
In base 15, what is -4 + -b8975?
-b8979
In base 8, what is -620232 - 1?
-620233
In base 6, what is -4 + 4420150?
4420142
In base 5, what is -11140 + 24221?
13031
In base 13, what is 4 + 56479?
56480
In base 10, what is 6 - -38516?
38522
In base 9, what is 0 - -24477?
24477
In base 16, what is 0 + e3d05?
e3d05
In base 6, what is -1 + 404552?
404551
In base 6, what is 1101211 - -40?
1101251
In base 9, what is 226876 + -6?
226870
In base 10, what is -368 - -286?
-82
In base 6, what is -535050 + -32?
-535122
In base 14, what is 1 + -b7cc6?
-b7cc5
In base 11, what is 3a5 - -15a?
554
In base 5, what is 23013420 - 0?
23013420
In base 12, what is -b + 608?
5b9
In base 11, what is -5 + -1655a0?
-1655a5
In base 2, what is -110011001101111 - -10?
-110011001101101
In base 9, what is -774 + -2545?
-3430
In base 15, what is -326d - -68?
-3205
In base 4, what is 0 - 11312002?
-11312002
In base 15, what is 3509 + 1?
350a
In base 8, what is -36 + -555700?
-555736
In base 7, what is -26314306 - -2?
-26314304
In base 11, what is 1734 + 97?
1820
In base 12, what is 4 - 2442?
-243a
In base 6, what is 41423130 - 0?
41423130
In base 5, what is -2 - -23102?
23100
In base 11, what is -14380 + -64?
-14434
In base 10, what is -852124 - 1?
-852125
In base 6, what is -5 + -102350?
-102355
In base 7, what is -13 + -6041?
-6054
In base 2, what is 100 + -100111010010100?
-100111010010000
In base 11, what is 6 + -2a7782?
-2a7777
In base 10, what is 97 + -2455?
-2358
In base 14, what is 220334 + 3?
220337
In base 6, what is 3 - -11141322?
11141325
In base 12, what is -4 + 25039?
25035
In base 16, what is 0 + -1038c8?
-1038c8
In base 14, what is 10 - -1965?
1975
In base 5, what is 224201 + 3222?
232423
In base 5, what is -12021241 + 3?
-12021233
In base 8, what is 21 + -422324?
-422303
In base 16, what is 80a7 + -4?
80a3
In base 5, what is -1 - 30213344?
-30213400
In base 13, what is -165 + -3724?
-3889
In base 15, what is 2b05e + 5?
2b064
In base 12, what is -2 + 576?
574
In base 12, what is 7 + 69219?
69224
In base 15, what is 0 + 12b5a4?
12b5a4
In base 9, what is 564018 - 8?
564010
In base 15, what is -e76 - b?
-e82
In base 12, what is 1a440 + -22?
1a41a
In base 2, what is 111010100100101011 + -10?
111010100100101001
In base 9, what is 57 - -4673?
4741
In base 4, what is 1311301031 - 11?
1311301020
In base 3, what is -21210200022120 - -12?
-21210200022101
In base 4, what is -10333 + 10213?
-120
In base 10, what is 175 - 285?
-110
In base 9, what is -3 - 30685?
-30688
In base 8, what is 6477362 - 1?
6477361
In base 11, what is -1109937 - -2?
-1109935
In base 8, what is -5247337 - 4?
-5247343
In base 2, what is -1011011001100100111 + -10?
-1011011001100101001
In base 9, what is -4 - -411580?
411575
In base 2, what is -10100101011100 - -1111?
-10100101001101
In base 5, what is -3214134 + -10?
-3214144
In base 14, what is -3 + 12759?
12756
In base 15, what is -1 + -80d38?
-80d39
In base 6, what is 2032410 + 3?
2032413
In base 12, what is 5b - 39a?
-33b
In base 3, what is 2202 - 1100200?
-1020221
In base 8, what is 40237 + 15?
40254
In base 3, what is -21000222 - -1022222?
-12201000
In base 14, what is -145c7 - -1?
-145c6
In base 3, what is -21 - 10011020022?
-10011020120
In base 13, what is 1516b + 3?
15171
In base 9, what is -72502 - 5?
-72507
In base 14, what is -257a + -2a6?
-2842
In base 12, what is -606 - -4?
-602
In base 5, what is -144342 + 140?
-144202
In base 16, what is 6 + -16e7?
-16e1
In base 14, what is 329 + 580?
8a9
In base 6, what is -15 + 332345?
332330
In base 10, what is -23 + 5319?
5296
In base 9, what is 5 - 3411?
-3405
In base 4, what is -1 + 2321121001?
2321121000
In base 11, what is 7 + -321984?
-321978
In base 14, what is -6c687 - 4?
-6c68b
In base 10, what is 112410 - -3?
112413
In base 4, what is -11032111 - 32?
-11032203
In base 5, what is 1021 - -14030?
20101
In base 3, what is 22200 + 11121?
111021
In base 3, what is 221001012 + 11?
221001100
In base 9, what is 2642 - -10?
2652
In base 9, what is -31026 + 4?
-31022
In base 13, what is 4 + 60174?
60178
In base 8, what is -1767300 + -3?
-1767303
In base 15, what is -48 + 5b3?
56a
In base 2, what is -1 - -100101010010100110?
100101010010100101
In base 3, what is -1001212 + 21102112?
20100200
In base 12, what is 215 + 16b?
384
In base 12, what is 8ab61 - -5?
8ab66
In base 2, what is -10110001011 - -110100110?
-1111100101
In base 14, what is -14c + -5051?
-519d
In base 3, what is -10 - 201200121?
-201200201
In base 9, what is -2004 + 125?
-1768
In base 6, what is -353 + -10324?
-11121
In base 12, what is 55 - 60?
-7
In base 15, what is 1 - -e5e7?
e5e8
In base 2, what is 0 + 101100011111010?
101100011111010
In base 13, what is 10 + 1057a?
1058a
In base 14, what is -b + -4ad0?
-4adb
In base 5, what is 2324 - 1121?
1203
In base 6, what is -120131 + -13?
-120144
In base 9, what is -33064 + 424?
-32540
In base 3, what is 1101021